{"id":18,"date":"2025-06-15T17:14:30","date_gmt":"2025-06-15T17:14:30","guid":{"rendered":"http:\/\/svarichco.lv\/?page_id=18"},"modified":"2025-06-15T17:27:19","modified_gmt":"2025-06-15T17:27:19","slug":"servisi","status":"publish","type":"page","link":"http:\/\/svarichco.lv\/?page_id=18","title":{"rendered":"Servisi"},"content":{"rendered":"\n<ul class=\"wp-block-list\">\n<li><strong>Dz\u012bvok\u013cu kapit\u0101lais remonts<\/strong><br>Pied\u0101v\u0101jam pilna cikla kapit\u0101lo remontu \u2013 sienu p\u0101rpl\u0101no\u0161ana, jauna elektroinstal\u0101cija, cauru\u013cu nomai\u0146a, gr\u012bdu iekl\u0101\u0161ana un apdare. M\u016bsu komanda veido funkcion\u0101lu un skaistu m\u0101jokli, piel\u0101gotu katra klienta vajadz\u012bb\u0101m.<\/li>\n\n\n\n<li><strong>Dekorat\u012bv\u0101 apdare un kr\u0101so\u0161ana<\/strong><br>No moderniem kr\u0101sojuma efektiem l\u012bdz klasisk\u0101m tekst\u016br\u0101m \u2013 veicam profesion\u0101lu interjera un eksterjera apdari. Pied\u0101v\u0101jam individu\u0101lus risin\u0101jumus, kas pie\u0161\u0137ir telp\u0101m raksturu un ilgtsp\u0113j\u012bgu kvalit\u0101ti.<\/li>\n\n\n\n<li><strong>Griestu un sienu izl\u012bdzin\u0101\u0161ana<\/strong><br>Nodro\u0161in\u0101m prec\u012bzu sienu un griestu izl\u012bdzin\u0101\u0161anu ar \u0161paktel\u0113\u0161anu vai \u0123ip\u0161kartonu. Sagatavo\u0161ana ir pamats kvalitat\u012bvam remontam, un m\u0113s garant\u0113jam gludu virsmu jebkuram apdares veidam \u2013 kr\u0101so\u0161anai, fl\u012bz\u0113\u0161anai vai tapet\u0113\u0161anai.<\/li>\n\n\n\n<li><strong>Gr\u012bdu iekl\u0101\u0161ana un atjauno\u0161ana<\/strong><br>Profesion\u0101li iekl\u0101jam lamin\u0101tu, parketu, vinilu vai fl\u012bzes. Ar\u012b atjaunojam eso\u0161\u0101s gr\u012bdas, pul\u0113jam un lakojam, atjaunojot to s\u0101kotn\u0113jo spo\u017eumu un iztur\u012bbu. M\u016bsu darbi apvieno est\u0113tiku un praktiskumu.<\/li>\n\n\n\n<li><strong>Santehnikas mont\u0101\u017ea un remonts<\/strong><br>Veicam kvalitat\u012bvus santehnikas darbus \u2013 jaunu cauru\u013cvadu ievilk\u0161anu, kanaliz\u0101cijas izb\u016bvi, \u016bdens filtru uzst\u0101d\u012b\u0161anu un vannas istabu p\u0101rb\u016bvi. Str\u0101d\u0101jam \u0101tri, t\u012bri un atbild\u012bgi.<\/li>\n\n\n\n<li><strong>Elektroinstal\u0101cijas darbi<\/strong><br>Nodro\u0161in\u0101m dro\u0161u un m\u016bsdien\u012bgu elektroinstal\u0101ciju \u2013 jaunas sist\u0113mas ier\u012bko\u0161ana, kontaktligzdu un apgaismojuma uzst\u0101d\u012b\u0161ana, vied\u0101s m\u0101jas risin\u0101jumi. Viss tiek veikts atbilsto\u0161i standartiem un klienta \u0113rt\u012bb\u0101m.<\/li>\n\n\n\n<li><strong>Logu un durvju nomai\u0146a<\/strong><br>Mont\u0113jam augstas kvalit\u0101tes logus un durvis, kas uzlabo m\u0101jok\u013ca siltumnotur\u012bbu, dro\u0161\u012bbu un dizainu. Pied\u0101v\u0101jam da\u017e\u0101dus materi\u0101lus un dizainus \u2013 no klasisk\u0101 koka l\u012bdz moderniem alum\u012bnija r\u0101mjiem.<\/li>\n\n\n\n<li><strong>Balkonu un lod\u017eiju renov\u0101cija<\/strong><br>Atjaunojam balkonus un lod\u017eijas ar ilgm\u016b\u017e\u012bgiem materi\u0101liem, pie\u0161\u0137irot tiem est\u0113tiku un funkcionalit\u0101ti. No hidroizol\u0101cijas l\u012bdz stiklojuma uzst\u0101d\u012b\u0161anai \u2013 nodro\u0161in\u0101m kompleksu risin\u0101jumu.<\/li>\n\n\n\n<li><strong>Kosm\u0113tiskais remonts dz\u012bvok\u013cos<\/strong><br>Pied\u0101v\u0101jam \u0101tru un pieejamu iesp\u0113ju atsvaidzin\u0101t telpas \u2013 sienu p\u0101rkr\u0101so\u0161ana, tape\u0161u nomai\u0146a, virsmu atjauno\u0161ana. Ide\u0101li gan pirms \u012bpa\u0161uma p\u0101rdo\u0161anas, gan ja v\u0113lies vienk\u0101r\u0161i iedvest svaigu elpu sav\u0101s m\u0101j\u0101s.<\/li>\n<\/ul>\n","protected":false},"excerpt":{"rendered":"","protected":false},"author":1,"featured_media":0,"parent":0,"menu_order":0,"comment_status":"closed","ping_status":"closed","template":"","meta":{"footnotes":""},"class_list":["post-18","page","type-page","status-publish","hentry"],"_links":{"self":[{"href":"http:\/\/svarichco.lv\/index.php?rest_route=\/wp\/v2\/pages\/18","targetHints":{"allow":["GET"]}}],"collection":[{"href":"http:\/\/svarichco.lv\/index.php?rest_route=\/wp\/v2\/pages"}],"about":[{"href":"http:\/\/svarichco.lv\/index.php?rest_route=\/wp\/v2\/types\/page"}],"author":[{"embeddable":true,"href":"http:\/\/svarichco.lv\/index.php?rest_route=\/wp\/v2\/users\/1"}],"replies":[{"embeddable":true,"href":"http:\/\/svarichco.lv\/index.php?rest_route=%2Fwp%2Fv2%2Fcomments&post=18"}],"version-history":[{"count":2,"href":"http:\/\/svarichco.lv\/index.php?rest_route=\/wp\/v2\/pages\/18\/revisions"}],"predecessor-version":[{"id":23,"href":"http:\/\/svarichco.lv\/index.php?rest_route=\/wp\/v2\/pages\/18\/revisions\/23"}],"wp:attachment":[{"href":"http:\/\/svarichco.lv\/index.php?rest_route=%2Fwp%2Fv2%2Fmedia&parent=18"}],"curies":[{"name":"wp","href":"https:\/\/api.w.org\/{rel}","templated":true}]}}